 prime factors of m?
5, 41
Suppose -34*m = -26806 + 6406. What are the prime factors of m?
2, 3, 5
Let y = -136 + 930. List the prime factors of y.
2, 397
Suppose 8*n = 4*n + 192. Let b = -21 + n. Let a = 62 - b. List the prime factors of a.
5, 7
Suppose s - 3*c - 37 = -13, 112 = 4*s - 4*c. Suppose -440 = 25*f - s*f. What are the prime factors of f?
2, 11
Suppose 3*o = -3*o + 726. Let w = 215 - o. What are the prime factors of w?
2, 47
Let n = 1408 + -756. List the prime factors of n.
2, 163
Let v(o) = -1. Let r(i) = -i**2 + 3*i + 17. Let x(p) = -r(p) - 2*v(p). Let c be 14/(1 + 1 - 0). What are the prime factors of x(c)?
13
Let l(j) = -3*j**3 - 22*j**2 - 3*j - 5. What are the prime factors of l(-8)?
3, 7
List the prime factors of 2/(32/10)*6856.
5, 857
Let s(h) be the first derivative of -9 + 4/3*h**3 + h - 1/4*h**4 + 1/2*h**2. What are the prime factors of s(3)?
13
Let u = 35 - -283. List the prime factors of u.
2, 3, 53
Let l(y) = -8*y + 13. Let g(u) = -9*u + 14. Let v(p) = 4*g(p) - 5*l(p). What are the prime factors of v(10)?
31
Let q(l) = 592*l - 6. What are the prime factors of q(1)?
2, 293
Let b = 481 + -163. List the prime factors of b.
2, 3, 53
Suppose 3426 = -7*t + 18448. What are the prime factors of t?
2, 29, 37
What are the prime factors of (-1)/13 - (-1269877)/481?
2, 3, 5, 11
Suppose -k - 20 = 150. What are the prime factors of ((k/(-15))/(-1))/((-2)/9)?
3, 17
Let s = -13978 + 19871. What are the prime factors of s?
71, 83
List the prime factors of 24/40 + 2664/10.
3, 89
Let w(c) = -c**2 - 18*c + 4338. List the prime factors of w(0).
2, 3, 241
Let z(y) = -y**3 - 3*y**2 - 2*y - 3. Let d be (-1 - (3 + -1))/1. Let f be z(d). Suppose -76 = -2*b + 4*a, 220 = 5*b + f*a + 2*a. List the prime factors of b.
2, 3, 7
Suppose 0 = -10*n + 22 + 8. Suppose -n*v + 45 = -213. List the prime factors of v.
2, 43
Let u(a) = -12*a + 10. Let q(d) = -2*d + 2. Let n(o) = -4*q(o) + u(o). Let p(t) = t**3 + 4*t**2 - 4*t - 2. Let b be p(-5). List the prime factors of n(b).
2, 3, 5
Let x be (-2)/((-2)/(-3))*1. Let j(k) = 5*k**2 - 3*k - 3. What are the prime factors of j(x)?
3, 17
Suppose 4*v = -q + 3367, 2*v - q - 1679 = -0*v. What are the prime factors of v?
29
Suppose -52*y + 28600 = -12*y. List the prime factors of y.
5, 11, 13
Suppose -4*k = y - 10, -2*y - k + 3 = -3. Suppose -y*i + 52 = 5*h - 30, 0 = i - 4*h - 54. Let c = i + -32. List the prime factors of c.
2, 7
Let j be (-4)/(-3)*(107 - -13). Let k be 0 + -4 + 2 + 14/2. Suppose 4*c = -4*i + j, i = k*c + 4 - 192. List the prime factors of c.
2, 19
What are the prime factors of 539 + ((-2)/7)/((-3)/(-21))?
3, 179
Suppose -4*d + 24 + 24 = 0. List the prime factors of (d/14)/(24/84) - -151.
2, 7, 11
Let i(l) = 130*l - 45. List the prime factors of i(6).
3, 5, 7
List the prime factors of (-556)/(-3)*((-84)/(-8))/7.
2, 139
Suppose 7*h - 7 = 70. Let s = 123 - h. List the prime factors of s.
2, 7
Let a(z) = z**3 + 6*z**2. Let m be a(-6). Let f be (-1 - m)*(-1 + -3). Suppose f + 6 = l. List the prime factors of l.
2, 5
Let x(g) = -g**3 + g**2 + 13*g + 4815. What are the prime factors of x(0)?
3, 5, 107
Suppose 2*y - 18 = -4*y. Suppose -320 = 3*a - 5*u, -y*a - 2*a - u - 524 = 0. Let i = -63 - a. What are the prime factors of i?
2, 3, 7
Suppose 0 = 5*y - 2*o - 260, 4*y = -2*o + 62 + 128. Suppose -8*p - 15*p = 575. Let m = y + p. List the prime factors of m.
5
Suppose c - 1072 = 3*d, 5*c + d = 1360 + 4064. What are the prime factors of c?
2, 271
Let a(u) = -u + 1. Let t be a(-14). Suppose 5 + t = -4*p. Let z(h) = h**2 + 3*h + 6. What are the prime factors of z(p)?
2
What are the prime factors of -4 + 76/18 - (-5672)/72?
79
Suppose 0 = m - 11*m + 3930. What are the prime factors of m?
3, 131
Suppose -2*c - 2 = -3*s - c, -5*s = -5*c - 20. Let d be s*(-3)/((-3)/(-194)). Suppose 262 = 4*q + 5*t, -3*q - 2*t - 3*t + d = 0. List the prime factors of q.
2, 17
Let l(z) = -z**3 + 3*z**2 + 11*z - 1. Suppose -r + 0 = q + 2, -11 = q + 4*r. Let d be q/(3/3) - -4. What are the prime factors of l(d)?
2
Let t = -1222 - -1288. List the prime factors of t.
2, 3, 11
Let p(v) = v**3 + 6*v**2 + v - 1. Let a be p(-4). Suppose 23*i = 24*i - a. List the prime factors of i.
3
Let b = -2 + 7. Suppose b*h - 5 = 5. What are the prime factors of (5 - 2)/(1/h)?
2, 3
Let a(x) = x**3 + 6*x**2 + 3*x + 7. Let r be 9/(0 - -3 - 4). Let j = -14 - r. List the prime factors of a(j).
17
Suppose 26*c = 20*c + 9036. What are the prime factors of c?
2, 3, 251
Let g = -11 - -10. List the prime factors of 9*g*(-34)/6.
3, 17
Let o(x) be the first derivative of -x**4/4 + 11*x**3/3 - 9*x**2/2 + 13*x - 31. What are the prime factors of o(10)?
23
Suppose -3*j = w - 6*j + 10, 0 = w + 2*j. Let z(y) = y**3 + 4*y**2 + 4. Let k be z(w). Suppose k*x = 61 + 59. What are the prime factors of x?
2, 3, 5
Suppose 1209 = -149*g + 152*g. List the prime factors of g.
13, 31
Let k(d) = 11*d**3 - 4*d**2 + 14*d - 5. Let l be k(3). Suppose l + 500 = 6*o. List the prime factors of o.
7, 19
Let g(k) = 2*k**2 + 3*k + 5. Let d be 8/(-6)*(-54)/(-12). List the prime factors of g(d).
59
List the prime factors of -2*(-1047)/(-15)*-5.
2, 349
Let r be (0 - 0)*(-11)/(-22). Suppose -3*y + 29 + 42 = d, r = 4*d + y - 229. What are the prime factors of d?
2, 7
Let a be 6/(-27) + 392/(-18). Let t = a + 31. List the prime factors of (-486)/(-12)*6/t.
3
Suppose 0 = -3*j + 2*j + 1946. What are the prime factors of j?
2, 7, 139
Suppose -107*d + 48*d + 23954 = 0. What are the prime factors of d?
2, 7, 29
Suppose 2*i + 112 = 2*u, -3*i + 4*u = 3*u + 160. Let d be 118/(-6) - (-6)/9. Let o = d - i. List the prime factors of o.
3, 11
Let g(z) = -4*z + 12 - 19 + 11. List the prime factors of g(-8).
2, 3
Suppose 30 = -5*r - 2*s - s, 2*s + 24 = -4*r. Let k(o) = -7*o - 2. List the prime factors of k(r).
2, 5
Suppose -2*k + 27 = 1. Suppose -5*f + 0*f + 3 = -s, -12 = 3*f + 4*s. Let a = f + k. What are the prime factors of a?
13
Let o = 7 - -6. Suppose -o - 11 = -2*i. Suppose -5*m = p + 1 - 4, -4*p - m + i = 0. What are the prime factors of p?
3
Suppose 3*k = -4*y - 68, 2*y + y = 2*k + 17. Let b be k/24*30/(-4). Suppose b*f - 199 = 126. What are the prime factors of f?
5, 13
Let u be (-132)/15 - (-12)/15. Let x = -2 - u. What are the prime factors of 58/x*(6 + -3)?
29
Suppose 3 = 5*g - 7. Let p be (g/(-5))/((-1)/55). Suppose -5*l + 33 + p = 0. What are the prime factors of l?
11
Let r(s) = 5*s**3 - 9*s**2 + 3*s + 4. What are the prime factors of r(10)?
2, 3, 13, 53
Suppose k - n = -87, -2*k - 66 - 104 = -n. Let b = -29 - k. What are the prime factors of b?
2, 3
Let b = -66 + 69. Suppose -847 = -b*j - 157. List the prime factors of j.
2, 5, 23
Let o = 411 - -319. List the prime factors of o.
2, 5, 73
Suppose 0 = -37*n - 13*n + 113800. What are the prime factors of n?
2, 569
Let x = 6446 + -2733. What are the prime factors of x?
47, 79
Suppose -1935*j = -1930*j - 3345. What are the prime factors of j?
3, 223
Suppose 10*g = 9*g + 72. Let w be ((-2)/6)/(8/g). What are the prime factors of (31/w)/(22/(-66))?
31
Suppose 2*s = s + 13. Let w = -11 + s. Suppose 4*m = w*m - 5*y + 64, 3*m - y - 79 = 0. List the prime factors of m.
3
Suppose -8*k + 6233 = 15*k. List the prime factors of k.
271
Let d(h) = 469*h**2 + 2*h + 2. List the prime factors of d(-1).
7, 67
Suppose 4*o - 10 = 6. Let h be o + -5 - 9/3. Let g(n) = n**2 + n + 5. List the prime factors of g(h).
17
Let f(k) = -3*k**3 - 15*k**2 + 8*k - 2. Let j(c) = 4*c**3 + 16*c**2 - 9*c + 2. Let g(t) = -3*f(t) - 2*j(t). What are the prime factors of g(-13)?
2, 5
What are the prime factors of 61*25 + (-16 - -17)?
2, 7, 109
Suppose -13*q + 1140 = -9*q. List the prime factors of q.
3, 5, 19
Let i(k) = -2*k**2 - 12*k + 16. Let t be i(-6). Suppose t*g - 22*g = -1230. List the prime factors of g.
5, 41
Suppose 3 = -8*o + 10*o + y, 3*o - 8 = 2*y. Suppose 12*g = o*g + 1020. What are the prime factors of g?
2, 3, 17
Let k = -22 + 63. Suppose -k = l - 2*l. List the prime factors of l.
41
Let r be (-7)/(-28) - -2*(-57)/(-24). Suppose r*z = -4*h + 306, -4*h - 3*z + 2*z + 314 = 0. What are the prime factors of h?
79
Let a(l) = l**3 - 5*l**2. Let k be a(5). Let y(s) = -2*s - 9. Let v be y(-10). Let o = k + v. List the prime factors of o.
11
Let x = 251 - -1. What are the prime fact